 o be (-9)/(-15)*(10 + 0). Let h be (o/(-4))/((-44)/(-16) - 2). Determine g(h).
6
Let w = 5 - 5. Let t(v) = 0*v + 3 + 5*v - 6*v - 2 + 6. Give t(w).
7
Let c(g) = -4*g**3 + g**2 + 4*g + 1. Let t(k) be the first derivative of k**4/4 - k**3/3 - k**2/2 + k + 5. Let v(l) = c(l) + 3*t(l). Give v(-3).
10
Let o be (-516)/(-30) + (-2)/10. Suppose -5 = -3*v - 2, 2*i - 5*v + o = 0. Let m(q) be the first derivative of -q**2/2 + 8*q - 448. Determine m(i).
14
Let m(v) = v**2 + 14*v - 53*v + 11 + 12*v + 16*v. Determine m(10).
1
Let q(d) = -2*d**3 - 15*d**2 + 6*d + 4. Let s(u) = -5*u**3 - 32*u**2 + 12*u + 9. Let w(h) = -7*q(h) + 3*s(h). Calculate w(8).
15
Let x(n) = n**3 - 7*n**2 - n + 5. Suppose 0 = 5*m + 2*o + 45, 10 = -7*o + 9*o. Let y be m/(-22)*4/(-6)*-21. Calculate x(y).
-2
Let y(b) = -b - 2. Let o(h) be the second derivative of 0 + 3/2*h**2 - 6*h + 1/3*h**3. Let m(f) = 5*o(f) + 8*y(f). What is m(1)?
1
Let k(m) = -m**2 + 2. Let r(p) = 7*p**2 - 8*p. Let x(g) = -6*k(g) - r(g). Calculate x(5).
3
Let q(t) = t**3 + 6*t**2 - t - 5. Suppose 11*l - 76 = 13*l. Let x be l/5 - 4/10. Let k be (2 + x)*5/5. Calculate q(k).
1
Let g(j) be the second derivative of j**6/360 - 7*j**5/120 - 2*j**3 - 3*j. Let y(d) be the second derivative of g(d). Calculate y(6).
-6
Let o = 251 - 251. Let w(r) = -r**3 + r**2 + r - 35. Determine w(o).
-35
Let r(v) = -v + 10. Let d = 800 - 807. Determine r(d).
17
Let f(s) = -4*s + 8. Let v(j) = 2*j - 4. Let z(i) = 4*f(i) + 7*v(i). Determine z(6).
-8
Let x be (-8)/(-24) - (-1)/((-6)/(-4)). Let s be x/(2/(-2)) - 2*-2. Let m(v) = -v**3 + 3*v**2 - 4*v + 4. Determine m(s).
-8
Let u = -70 - -76. Let i(x) = 1 + u + 2 + x**2 - 2*x**2. What is i(0)?
9
Suppose 41*k - 9 = 114. Let t(s) be the second derivative of -1/10*s**5 + s + s**2 - 1/6*s**k + 0 - 1/6*s**4. Calculate t(-2).
12
Let m(z) = -9*z**2 - 3*z + 34. Let q(s) = -5*s**2 - 3*s + 20. Let l(w) = 4*m(w) - 7*q(w). Let d = 11 + -4. Calculate l(d).
10
Let r(d) = 12*d + 9. Let m(y) = 5*y + 4. Let x(f) = 7*m(f) - 3*r(f). Suppose 0 = -5*b - 28 - 2. Determine x(b).
7
Let r(h) = -h - 1. Let y(w) = -2*w + 12. Let x(u) = -3*r(u) - y(u). Let a(o) = -6*o + 9. Let p(d) = -4*a(d) - 5*x(d). Give p(5).
4
Let d(m) = -m**2 - 1. Let k be d(-1). Let j(p) be the first derivative of 7*p**2/2 + p - 1150. Give j(k).
-13
Let p(i) = i**2 + 4*i - 2. Suppose 0*c + 3 = c. Let j = c - 8. Let o be (-2 - 0)*-1 + j. Give p(o).
-5
Let z(h) = -h**3 - 10*h**2 - 9*h - 1. Let b(j) = -j**2 + 6*j + 18. Let r be b(9). What is z(r)?
-1
Let y = -3 - -5. Let h(d) be the first derivative of -d**2 - 21 + d + 4/3*d**3 - 1/4*d**4. Calculate h(y).
5
Suppose -t - 3 = 2*t. Let o be (1*(-1)/t)/((-9)/27). Let l(c) = c**3 + c**2 - 4*c - 2. Determine l(o).
-8
Let f be 4 + -3 - -3 - -1. Let i(p) = 2*p - 2 + 0*p - f*p + p. What is i(-3)?
4
Let g(n) be the third derivative of n**4/8 - n**3/2 + 133*n**2. Let l be (7/(-2))/7*-16. What is g(l)?
21
Let m(g) = g. Let v(d) = 5*d - 8. Let a = 3 + -2. Let u be (a/2)/((-4)/8). Let j(l) = u*v(l) + 6*m(l). Determine j(-6).
2
Let f(z) = z**3 - 14. Suppose -d + 7*d = 4*d. Determine f(d).
-14
Let u(w) = 4*w + 3. Let k be 218/(-6) - 1/(-3). Let v = -24 - k. Let z be 3*(-2 - (-16)/v). Determine u(z).
-5
Let g(t) = 7 + 2*t**2 - 5*t - 3*t**2 + 2*t**2 - 8. Suppose -78*o = -73*o - 35. Determine g(o).
13
Let u = 22 - 17. Let h(b) = -4 + 5*b**3 + 2*b**3 + 5 - u*b**3. Determine h(-1).
-1
Let u(x) = -x**2 + 1 + 6*x - 2 + 3 + 2. Let h be (3/(-4))/(1/12). Let c = h - -15. What is u(c)?
4
Let v(a) = -a**3 + a**2 - 2. Let u be v(0). Let n be (35/25)/(u/(-10)). Let s(b) = -4*b**2 - b**3 + 0 - 4 - n*b + 2*b + 0*b. What is s(-3)?
2
Let f(s) = 6*s. Let d(n) = 7*n + 2. Let a(v) = 3*d(v) - 4*f(v). Calculate a(6).
-12
Let d(s) = -3*s**3 - s**2 - s + 1. Let n(y) = 13*y**3 + 3*y**2 + 5*y - 5. Let u(m) = 9*d(m) + 2*n(m). Determine u(-3).
-4
Let y(f) = f. Let c(n) = 2*n. Let z(u) = 6*c(u) - 13*y(u). Let g(d) = d**2 - 8*d + 7. Let o(t) = -g(t) + 2*z(t). Give o(5).
-2
Let v(o) = 5*o**3 + 6*o**2 - 12*o - 13. Let d(l) = -6*l**3 - 7*l**2 + 13*l + 15. Let n(m) = -4*d(m) - 5*v(m). What is n(-5)?
40
Let w(z) = 3*z - 31. Let b(i) = -2*i + 28. Let x(s) = 5*b(s) + 4*w(s). Determine x(-9).
-2
Let d(l) be the first derivative of 15 - 7/3*l**3 + 7/2*l**2 - 1/4*l**4 - 3*l. Give d(-8).
5
Let z(g) = 3 + 7 + 206*g - 197*g + g**2 + 2. What is z(-7)?
-2
Let i(j) = -j**3 + 9*j**2 - 11*j + 11. Let z be (-42 + 50)/(-2*2/(-4)). What is i(z)?
-13
Suppose 11 = 3*z + 5*c, c + 2 = -2*z - 0*c. Let u(i) = 12*i + 4. Give u(z).
-32
Let x(a) = 2*a + 1. Let k be x(1). Let s = -44 - -48. Let n(z) = 2*z + 2. Let h(w) = -1. Let v(l) = s*h(l) + n(l). Give v(k).
4
Let j(q) be the second derivative of q**5/20 + 11*q**4/12 + 3*q**3/2 - q**2 - 47*q - 1. Give j(-10).
8
Let o(z) = -2 + 1 + 11*z**2 - 8*z**2 + z + 3*z**3 - 2*z**3. Let k be (-8 - -7)*(1 + -18). Suppose -w = 3*q + k, -w + q = w - 1. Give o(w).
1
Let m(j) = j**3 - j**2 - j. Let a(f) = f**3 - 10*f**2 + 4*f - 43. Let q be a(10). Determine m(q).
-33
Let u(i) = -i**3 + 40*i**2 - 2*i + 84. Let p be u(40). Let b(v) = -v - 1. Let o(w) = 7*w + 8. Let x(h) = 4*b(h) + o(h). Determine x(p).
16
Let p(r) = -6*r. Let a(l) = 1350 - 1350 - 5*l. Let s(m) = 3*a(m) - 2*p(m). Let j = -2 + 4. What is s(j)?
-6
Let g = 15 + -21. Let k(m) = -7*m - 3. Let a(w) = 6*w + 4. Suppose 0 = -2*s + 5 + 3. Let b(f) = s*a(f) + 3*k(f). Calculate b(g).
-11
Let m(a) be the second derivative of -a**4/12 - 7*a**3/3 - 7*a**2 + 268*a. Determine m(-13).
-1
Let f be ((-7)/28 + 13/4)*-1. Let u(q) = 1. Let t(g) = g**3 + 2*g**2 - 2*g - 2. Let n(j) = t(j) + 2*u(j). What is n(f)?
-3
Suppose -4*r + 8 = -p, -2*p = p. Let k(c) = r*c**3 - c**2 - c**3 - 7 + 7*c**2 - 2*c. What is k(-6)?
5
Let o = -438 - -431. Let v(s) = -s**2 - 8*s + 8. Calculate v(o).
15
Let f be (-15)/(-4) + 2/8. Suppose 0 = 3*x + 6 - 12. Suppose -x*y + 14 = -f*y. Let c(g) = -g**3 - 7*g**2 + 1. Give c(y).
1
Let x be (6 + (-195)/35)*(4 - -3). Let q(o) = 4*o**2 - 2*o + 2. Determine q(x).
32
Let c(y) = 4*y**3 - 2*y**2 + 2. Let w = -154 + 156. Give c(w).
26
Suppose 4*z + c - 23 = 1, -21 = -z - 4*c. Let f(s) be the third derivative of -4*s**2 + 1/6*s**3 + 0*s + 0 - 1/8*s**4 - 1/60*s**z. What is f(-3)?
1
Let h(k) be the second derivative of -k**4/12 - k**3/2 + k**2 + 11*k. Let w be h(-6). Let p(v) = v + 10. Let f be p(w). Let u(g) = g + 8. What is u(f)?
2
Let c(w) = w**2 + 11*w - 11. Let v be c(-12). Let t(m) = -m + 1. Let s(o) = o - 1. Let d(j) = v*t(j) + 2*s(j). What is d(0)?
-1
Let g = -20 - -22. Let a(h) = 0*h**g + h**2 + 0*h**2 - 3*h**3 + h**3 + 2. What is a(2)?
-10
Let o(r) = -2*r - 1. Let l(b) = -16*b**2 + 3 + 5*b + 0 - b**3 + 13*b**2 + 1. Let j be l(-4). Let x be o(j). Let f(t) = 6*t**2 - t. Give f(x).
7
Let v(p) = -p + 3. Suppose -6 - 16 = 2*m - 4*q, 3*m - 5*q = -28. Give v(m).
4
Let z(k) = -k**2 - 12*k - 13. Let d(t) = t**3 + 3*t**2 - 6*t + 11. Let r be d(-5). What is z(r)?
14
Let z(t) = 2*t**2 - t + 2. Let n be 8/2 + (28/(-7) - -2). Determine z(n).
8
Let r(x) = 23*x**2 - 2*x. Suppose 0 = 4*c + 10 - 14. What is r(c)?
21
Let i(j) be the second derivative of j**4/3 - j**3/3 + j**2 - 3*j - 2. Give i(2).
14
Suppose 12 = 4*z - 2*s, 3*z = 4*z - 5*s + 15. Let n(x) = 6*x**2 - 7 - z*x**2 - 5. Let w be 1/2 + 2/(-4). What is n(w)?
-12
Let x be 209/19 + (-1 - 3). Let a(l) = l**2 - 7*l - 1. Give a(x).
-1
Let u(g) be the second derivative of -g**6/720 + g**5/20 - 7*g**4/12 + 6*g. Let n(d) be the third derivative of u(d). Let x be (-3)/(33/(-12) + 2). Give n(x).
2
Let q be ((-1)/12)/(88/(-1232)). Let j(k) be the second derivative of -1/12*k**4 + 0 + 7*k - q*k**3 - 1/2*k**2. Determine j(-3).
11
Let d(m) = m**2 - 5*m - 3. Let g be ((-27)/6)/(3/(-6)). Let c(a) = a - 2. Let p be c(g). Give d(p).
11
Let z(k) be the third derivative of k**5/6 + k**4/6 + k**3/2 + 328*k**2. What is z(-1)?
9
Let u be 9 - 114/6 - 1. Let t(k) = -5*k - 8. What is t(u)?
47
Suppose 4*h + 4*z - 4 = 0, 0*h - 5*z = 4*h - 2. Let i be h*8/(-20)*-5. Let j(f) = f**2 - 7*f + 7. Give j(i).
1
Let r be 8 - 2 - 6/3. Let t be (-15)/(-6)*12/10. Let a(w) = -4*w**2 - 1 - w**3 - 2*w**t - w + 4*w**3. Determine a(r).
-5
Let s = 576 + -595. Let p(h) = h + 31. What is p(s)?
12
Let i(k) = -k**3 + 6*k**2 - 6*k + 39. Let v be i(6). Let y(g) be the first derivative of -1/